?
-2010111202
In base 11, what is aa0 - -49a76?
4aa66
In base 2, what is -101110 + 1011000000001010?
1010111111011100
In base 16, what is 189b5f - 1e?
189b41
In base 11, what is -433012 + 13?
-432aaa
In base 9, what is -6716 + 23008?
15182
In base 2, what is -10110101111011111110001100100 - -10?
-10110101111011111110001100010
In base 9, what is -18658830 + -3?
-18658833
In base 15, what is 1933254 + -1?
1933253
In base 13, what is -191659 + -c5?
-191751
In base 2, what is -111001 - -111111111110101?
111111110111100
In base 16, what is -b - 82813?
-8281e
In base 9, what is -5250 + -2620?
-7870
In base 16, what is 165720e - 9?
1657205
In base 3, what is 222012 + 200121002211?
200122002000
In base 14, what is d42b3 + 8b5?
d4b88
In base 15, what is 15123 - 17?
1510b
In base 10, what is 50 - -521787?
521837
In base 12, what is 103 + 46bb?
4802
In base 8, what is -42163 + -22551?
-64734
In base 8, what is 3160005344 - -1?
3160005345
In base 15, what is -4b1 + -12c76?
-13237
In base 5, what is -1004043443 + 2?
-1004043441
In base 13, what is 0 - 2c20677?
-2c20677
In base 6, what is 3 - 2303221314?
-2303221311
In base 11, what is -5934 - 1043?
-6977
In base 13, what is 28b7 + -b85?
1a32
In base 3, what is -12211021212021 - -22?
-12211021211222
In base 5, what is 1 + -1221023120?
-1221023114
In base 7, what is 25110512 - -110?
25110622
In base 13, what is 406c - -9b37?
10ba6
In base 2, what is -101110100100 + -110101000111111?
-111010111100011
In base 3, what is 0 + 100201100110002?
100201100110002
In base 4, what is -13031130133 + -200?
-13031130333
In base 7, what is -3 - 64025422?
-64025425
In base 12, what is 519844 + -6?
51983a
In base 3, what is 1002 + 201101020020001?
201101020021010
In base 14, what is -70d3ac89 + 4?
-70d3ac85
In base 2, what is -10010100100000100000 + -100101?
-10010100100001000101
In base 11, what is -1382663 + -16?
-1382679
In base 6, what is 14344500543 - 11?
14344500532
In base 6, what is 23 + 421532?
421555
In base 3, what is 11112022 + -1210211?
2201111
In base 10, what is 3235485 - 2?
3235483
In base 7, what is 5 + -51226100?
-51226062
In base 8, what is -1556133 + 26?
-1556105
In base 12, what is 27 + -303b381?
-303b356
In base 7, what is -2154435034 + -4?
-2154435041
In base 9, what is -13 + 2231785?
2231772
In base 13, what is 412126b - 10?
412125b
In base 2, what is -1011000011001011 + 100100000?
-1010111110101011
In base 12, what is -1211505 - -17?
-12114aa
In base 9, what is 1047 + -24244?
-23186
In base 8, what is -13 - 5423063?
-5423076
In base 16, what is -9727f - -2?
-9727d
In base 6, what is 4234 + -43541?
-35303
In base 4, what is 221102222 + 12?
221102300
In base 8, what is -127674713 - 3?
-127674716
In base 5, what is 2310120 - 233?
2304332
In base 6, what is -3200150 - -52?
-3200054
In base 15, what is 74 + -532e?
-52aa
In base 16, what is 5 - 3a6960d?
-3a69608
In base 11, what is -17 + -234a84?
-234aa0
In base 9, what is -8 - 17770024?
-17770033
In base 2, what is 10101100 + -10001110011011101110?
-10001110011001000010
In base 16, what is -2548de - 162?
-254a40
In base 15, what is -585b - 20a?
-5a66
In base 8, what is -1 + -21502061?
-21502062
In base 9, what is 584 - -12660?
13354
In base 12, what is -b3 + -11611?
-11704
In base 11, what is -5 - 693099?
-6930a3
In base 16, what is 290a9 + -153?
28f56
In base 7, what is 241 - -116211?
116452
In base 7, what is -13 + -3054042?
-3054055
In base 14, what is 96141 - cb?
96054
In base 16, what is 5bb3f93f - 2?
5bb3f93d
In base 8, what is 14042 - 4613?
7227
In base 11, what is 3 - -49a28245?
49a28248
In base 13, what is -748529 + -195?
-7486c1
In base 3, what is 12101111220221 - -20?
12101111221011
In base 9, what is -502267126 - -5?
-502267121
In base 14, what is -57c50d + -123?
-57c632
In base 13, what is -3 - -96a84a5?
96a84a2
In base 16, what is -1e7b + -435?
-22b0
In base 6, what is -2415441 - -52?
-2415345
In base 8, what is 2 - 315517213?
-315517211
In base 3, what is 1121110221211 + 12212?
1121111011200
In base 7, what is -14426431 + 141?
-14426260
In base 4, what is 10 + 30233102333301?
30233102333311
In base 6, what is -11 + -510155240?
-510155251
In base 10, what is -5 + 139308?
139303
In base 7, what is 511622 - 320?
511302
In base 6, what is 33042 - -52355?
125441
In base 9, what is -3 + -571215220?
-571215223
In base 16, what is 3 + 118a6f?
118a72
In base 5, what is 1303 - 33220030?
-33213222
In base 8, what is 173560 + 333?
174113
In base 9, what is 713 - 56678?
-55865
In base 4, what is 23312 - -1100312?
1130230
In base 14, what is 553483 - 3?
553480
In base 10, what is -14260977 - 2?
-14260979
In base 6, what is -4055343505 + 2?
-4055343503
In base 11, what is 13a + -96713?
-96584
In base 14, what is -49b419 - -10?
-49b409
In base 4, what is 230 - 100031110011?
-100031103121
In base 10, what is 549875773 + -5?
549875768
In base 4, what is -333330 - -2203133?
1203203
In base 5, what is 2042144403 - -1014?
2042200422
In base 10, what is -459 - 86278?
-86737
In base 13, what is -23cbc2 + 1?
-23cbc1
In base 4, what is 312311213 + 1110?
312312323
In base 4, what is -2 + -12210233101111?
-12210233101113
In base 9, what is 2 - 10104203?
-10104201
In base 15, what is 1d4 - 1b51?
-196c
In base 15, what is -127a5 + 848?
-11e5c
In base 10, what is -2 + -738130?
-738132
In base 13, what is 4881a2b + -5?
4881a26
In base 16, what is -11 + 6b4f65?
6b4f54
In base 8, what is 7207 - 4262?
2725
In base 15, what is -51 - 120cc8?
-120d29
In base 15, what is 13e + -89a?
-75b
In base 10, what is 14571 + -19?
14552
In base 15, what is -2c215 - -2e?
-2c1d6
In base 2, what is -10010010000111010 - 10001110?
-10010010011001000
In base 4, what is 312 - -313201120?
313202032
In base 14, what is 3d66782 + 11?
3d66793
In base 11, what is 15 + 362731?
362746
In base 3, what is 100012 - -2210121221222?
2210122022011
In base 7, what is -2 + -110420105?
-110420110
In base 5, what is 1400 - -1342212?
1344112
In base 6, what is 104 - -4525141?
4525245
In base 5, what is 432034234 - -102?
432034341
In base 11, what is -227 - 69134?
-69360
In base 3, what is -10 + 220010010001120?
220010010001110
In base 9, what is 7018058 - 11?
7018047
In base 11, what is 159 - -a9276?
a9424
In base 2, what is -1000000110110010 + -110110000101?
-1000111100110111
In base 15, what is 1c + 26d8e6?
26d913
In base 15, what is -2 - 2ce2a4b?
-2ce2a4d
In base 2, what is 10111111100101000110 + -10?
10111111100101000100
In base 4, what is -11 - 13022211121100?
-13022211121111
In base 14, what is -19d + -93aab?
-93c6a
In base 7, what is 11223251 + -11?
11223240
In base 9, what is -10163380 - -12?
-10163367
In base 7, what is -441012460 + 3?
-441012454
In base 6, what is -232124 + -102413?
-334541
In base 13, what is 4b54914a + 4?
4b549151
In base 3, what is 22211111012202 - 2?
22211111012200
In base 8, what is -71305423 - 56?
-71305501
In base 16, what is 13 - 3e599?
-3e586
In base 11, what is -33538 - 1554?
-34a91
In base 2, what is 0 - 1001101100011110011100100?
-1001101100011110011100100
In base 7, what is -10 + -245451303?
-245451313
In base 8, what is 1407370 + 464?
1410054
In base 6, what is 24 + -32500031?
-32500003
In base 15, what is -719 + -587?
-ca1
In base 5, what is -333310332040 + -1?
-333310332041
In base 13, what is -34a - -226ac?
22362
In base 8, what is 31 - 12403?
-12352
In base 10, what is -505958 + -35?
-505993
In base 2, what is 111011 + 11000001011001001110?
11000001011010001001
In base 10, what is -243612 + 426?
-243186
In base 14, what is -5675 - 6b22?
-c397
In base 10, what is 0 - -494745?
494745
In base 2, what is -11011100101110000 + 101001110100?
-11010111011111100
In base 12, what is -5 - 15713231?
-15713236
In base 11, what is -238015 - -a?
-238006
In base 9, what is -688033274 + -1?
-688033275
In base 3, what is 11102220211 + -2010010?
11100210201
In base 5, what is 220410400 - 2?
220410343
In base 4, what is -211 + -333233022?
-333233233
In base 2, what is -1101111101100110100 + 1111000?
-1101111101010111100
In base 15, what is 4 - -db732?
db736
In base 8, what is -310 - 27507?
-30017
In base 11, what is -94a4 - 486?
-997a
In base 2, what is -101001 - -1111101100110000100?
1111101100101011011
In base 11, what is 4 - -33aa36a1?
33aa36a5
In base 6, what is 1511 + -42320025?